{"id":69,"date":"2016-05-11T14:40:18","date_gmt":"2016-05-11T13:40:18","guid":{"rendered":"http:\/\/lecturessurlherbe.fr\/?page_id=69"},"modified":"2019-05-29T16:46:18","modified_gmt":"2019-05-29T15:46:18","slug":"partir-en-livre","status":"publish","type":"page","link":"https:\/\/lecturessurlherbe.fr\/index.php\/partir-en-livre\/","title":{"rendered":"Partir en livre"},"content":{"rendered":"<p class=\" text-justify\">La grande f\u00eate du livre pour la jeunesse revient du 10 au 21 juillet 2019 partout en France.<\/p>\n<p class=\" text-justify\"><img loading=\"lazy\" decoding=\"async\" class=\"alignleft wp-image-326 size-medium\" src=\"https:\/\/lecturessurlherbe.fr\/wp-content\/uploads\/2019\/05\/Affiche-Officielle-Nationale-3-212x300.jpg\" alt=\"\" width=\"212\" height=\"300\" srcset=\"https:\/\/lecturessurlherbe.fr\/wp-content\/uploads\/2019\/05\/Affiche-Officielle-Nationale-3-212x300.jpg 212w, https:\/\/lecturessurlherbe.fr\/wp-content\/uploads\/2019\/05\/Affiche-Officielle-Nationale-3-768x1086.jpg 768w, https:\/\/lecturessurlherbe.fr\/wp-content\/uploads\/2019\/05\/Affiche-Officielle-Nationale-3-724x1024.jpg 724w, https:\/\/lecturessurlherbe.fr\/wp-content\/uploads\/2019\/05\/Affiche-Officielle-Nationale-3-106x150.jpg 106w, https:\/\/lecturessurlherbe.fr\/wp-content\/uploads\/2019\/05\/Affiche-Officielle-Nationale-3.jpg 1240w\" sizes=\"auto, (max-width: 212px) 100vw, 212px\" \/>A l\u2019initiative du minist\u00e8re de la Culture et de la Communication, cette manifestation est organis\u00e9e par le Centre national du livre, avec le soutien du Salon du livre et de la presse jeunesse en Seine-Saint-Denis.<\/p>\n<p class=\" text-justify\">\u00a0Nous nous associons \u00e0 cet \u00e9v\u00e9nement et vous proposons deux journ\u00e9es de lectures sur l\u2019herbe en Sud-Ard\u00e8che les 15 et 16 juillet 2019\u00a0 \u00e0 St Alban-Auriolles, Grospierres,\u00a0 Ruoms et\u00a0 Labeaume. ( voir <strong>\u00a0<\/strong><a href=\"https:\/\/lecturessurlherbe.fr\/index.php\/page-d-exemple\/\"><strong>le programme<\/strong> <\/a>)<\/p>\n<p><strong><br \/>\nBiblioth\u00e8que municipale de Saint Alban-Auriolles<\/strong><br \/>\n30 place Aristide Briand 07120 St Alban-Auriolles<br \/>\n<strong>Biblioth\u00e8que municipale de Grospierres<\/strong><br \/>\nPlace de la Mairie 07120 Grospierres<br \/>\n<strong>Biblioth\u00e8que municipale de Ruoms<\/strong><br \/>\nPlace de la Paix 07120 Ruoms<br \/>\n<strong style=\"font-size: inherit;\">Camping La plage de Peyroche<br \/>\n<\/strong>07120 Labeaume.<\/p>\n<p class=\" text-justify\">Ce projet est port\u00e9 par la <a href=\"http:\/\/fol07.com\/\"><strong>F\u00e9d\u00e9ration des \u0152uvres La\u00efques de l&rsquo;Ard\u00e8che<\/strong><\/a>.<br \/>\nPartenaires : \u00a0Canop\u00e9 de l\u2019Ard\u00e8che, Salon du livre et de la presse jeunesse \u00e0 Montreuil, Association M\u00e9diacom, Association Les Belles oreilles, Biblioth\u00e8que municipale de Saint Alban Auriolles, Biblioth\u00e8que municipale de Grospierres,Biblioth\u00e8que municipale de Ruoms, Librairie Ex Libris \u00e0 Ruoms, Camping La plage de Peyroche \u00e0 Labeaume, Centre de vacances Les Portes de l\u2019Ard\u00e8che \u00e0 Meyras, Centre de vacances Les M\u00e9sanges \u00e0 Darbres et la librairie ambulante \u00ab\u00a0Le Mokiroule\u00a0\u00bb<\/p>\n","protected":false},"excerpt":{"rendered":"<p>La grande f\u00eate du livre pour la jeunesse revient du 10 au 21 juillet 2019 partout en France. A l\u2019initiative du minist\u00e8re de la Culture et de la Communication, cette manifestation est organis\u00e9e par le Centre national du livre, avec le soutien du Salon du livre et de la presse \u2026<\/p>\n<p class=\"continue-reading-button\"> <a class=\"continue-reading-link\" href=\"https:\/\/lecturessurlherbe.fr\/index.php\/partir-en-livre\/\">Lire la suite<i class=\"crycon-right-dir\"><\/i><\/a><\/p>\n","protected":false},"author":1,"featured_media":0,"parent":0,"menu_order":0,"comment_status":"closed","ping_status":"closed","template":"","meta":{"footnotes":""},"class_list":["post-69","page","type-page","status-publish","hentry"],"_links":{"self":[{"href":"https:\/\/lecturessurlherbe.fr\/index.php\/wp-json\/wp\/v2\/pages\/69","targetHints":{"allow":["GET"]}}],"collection":[{"href":"https:\/\/lecturessurlherbe.fr\/index.php\/wp-json\/wp\/v2\/pages"}],"about":[{"href":"https:\/\/lecturessurlherbe.fr\/index.php\/wp-json\/wp\/v2\/types\/page"}],"author":[{"embeddable":true,"href":"https:\/\/lecturessurlherbe.fr\/index.php\/wp-json\/wp\/v2\/users\/1"}],"replies":[{"embeddable":true,"href":"https:\/\/lecturessurlherbe.fr\/index.php\/wp-json\/wp\/v2\/comments?post=69"}],"version-history":[{"count":13,"href":"https:\/\/lecturessurlherbe.fr\/index.php\/wp-json\/wp\/v2\/pages\/69\/revisions"}],"predecessor-version":[{"id":339,"href":"https:\/\/lecturessurlherbe.fr\/index.php\/wp-json\/wp\/v2\/pages\/69\/revisions\/339"}],"wp:attachment":[{"href":"https:\/\/lecturessurlherbe.fr\/index.php\/wp-json\/wp\/v2\/media?parent=69"}],"curies":[{"name":"wp","href":"https:\/\/api.w.org\/{rel}","templated":true}]}}

<p class=" text-justify">La grande fête du livre pour la jeunesse revient du 10 au 21 juillet 2019 partout en France.</p>
<p class=" text-justify"><img loading="lazy" decoding="async" class="alignleft wp-image-326 size-medium" src="https://lecturessurlherbe.fr/wp-content/uploads/2019/05/Affiche-Officielle-Nationale-3-212x300.jpg" alt="" width="212" height="300" srcset="https://lecturessurlherbe.fr/wp-content/uploads/2019/05/Affiche-Officielle-Nationale-3-212x300.jpg 212w, https://lecturessurlherbe.fr/wp-content/uploads/2019/05/Affiche-Officielle-Nationale-3-768x1086.jpg 768w, https://lecturessurlherbe.fr/wp-content/uploads/2019/05/Affiche-Officielle-Nationale-3-724x1024.jpg 724w, https://lecturessurlherbe.fr/wp-content/uploads/2019/05/Affiche-Officielle-Nationale-3-106x150.jpg 106w, https://lecturessurlherbe.fr/wp-content/uploads/2019/05/Affiche-Officielle-Nationale-3.jpg 1240w" sizes="auto, (max-width: 212px) 100vw, 212px" />A l’initiative du ministère de la Culture et de la Communication, cette manifestation est organisée par le Centre national du livre, avec le soutien du Salon du livre et de la presse jeunesse en Seine-Saint-Denis.</p>
<p class=" text-justify"> Nous nous associons à cet événement et vous proposons deux journées de lectures sur l’herbe en Sud-Ardèche les 15 et 16 juillet 2019  à St Alban-Auriolles, Grospierres,  Ruoms et  Labeaume. ( voir <strong> </strong><a href="https://lecturessurlherbe.fr/index.php/page-d-exemple/"><strong>le programme</strong> </a>)</p>
<p><strong><br />
Bibliothèque municipale de Saint Alban-Auriolles</strong><br />
30 place Aristide Briand 07120 St Alban-Auriolles<br />
<strong>Bibliothèque municipale de Grospierres</strong><br />
Place de la Mairie 07120 Grospierres<br />
<strong>Bibliothèque municipale de Ruoms</strong><br />
Place de la Paix 07120 Ruoms<br />
<strong style="font-size: inherit;">Camping La plage de Peyroche<br />
</strong>07120 Labeaume.</p>
<p class=" text-justify">Ce projet est porté par la <a href="http://fol07.com/"><strong>Fédération des Œuvres Laïques de l&rsquo;Ardèche</strong></a>.<br />
Partenaires :  Canopé de l’Ardèche, Salon du livre et de la presse jeunesse à Montreuil, Association Médiacom, Association Les Belles oreilles, Bibliothèque municipale de Saint Alban Auriolles, Bibliothèque municipale de Grospierres,Bibliothèque municipale de Ruoms, Librairie Ex Libris à Ruoms, Camping La plage de Peyroche à Labeaume, Centre de vacances Les Portes de l’Ardèche à Meyras, Centre de vacances Les Mésanges à Darbres et la librairie ambulante « Le Mokiroule »</p>

<p>La grande fête du livre pour la jeunesse revient du 10 au 21 juillet 2019 partout en France. A l’initiative du ministère de la Culture et de la Communication, cette manifestation est organisée par le Centre national du livre, avec le soutien du Salon du livre et de la presse …</p>
<p class="continue-reading-button"> <a class="continue-reading-link" href="https://lecturessurlherbe.fr/index.php/partir-en-livre/">Lire la suite<i class="crycon-right-dir"></i></a></p>
