{"id":2,"date":"2016-04-10T09:41:45","date_gmt":"2016-04-10T08:41:45","guid":{"rendered":"http:\/\/lecturessurlherbe.fr\/?page_id=2"},"modified":"2019-05-26T16:06:59","modified_gmt":"2019-05-26T15:06:59","slug":"page-d-exemple","status":"publish","type":"page","link":"https:\/\/lecturessurlherbe.fr\/index.php\/page-d-exemple\/","title":{"rendered":"Programme 2016"},"content":{"rendered":"<p><strong><a href=\"http:\/\/www.partir-en-livre.fr\/\"><img loading=\"lazy\" decoding=\"async\" class=\"size-medium wp-image-64 alignleft\" src=\"https:\/\/lecturessurlherbe.fr\/wp-content\/uploads\/2016\/05\/Partir-en-Livre_full_with-200x300.jpg\" alt=\"Partir-en-Livre_full_with\" width=\"200\" height=\"300\" srcset=\"https:\/\/lecturessurlherbe.fr\/wp-content\/uploads\/2016\/05\/Partir-en-Livre_full_with-200x300.jpg 200w, https:\/\/lecturessurlherbe.fr\/wp-content\/uploads\/2016\/05\/Partir-en-Livre_full_with-100x150.jpg 100w, https:\/\/lecturessurlherbe.fr\/wp-content\/uploads\/2016\/05\/Partir-en-Livre_full_with.jpg 603w\" sizes=\"auto, (max-width: 200px) 100vw, 200px\" \/><\/a>Lundi 25 juillet<\/strong><br \/>\n9h \u2013 <strong>Saint Alban Auriolles<\/strong> :<strong> <a href=\"https:\/\/lecturessurlherbe.fr\/index.php\/2016\/05\/10\/la-cabane-a-histoires\/\">La Cabane \u00e0 histoires<\/a><\/strong><br \/>\nPour les 4-10 ans, \u00e0 l\u2019ext\u00e9rieur de la biblioth\u00e8que municipale, durant le march\u00e9 hebdomadaire.\u00a0A l\u2019int\u00e9rieur d\u2019une cabane mont\u00e9e pour l\u2019occasion, l\u2019enfant fait, seul ou avec un copain, la d\u00e9couverte sonore d\u2019un album.<br \/>\n+ <strong><a href=\"https:\/\/lecturessurlherbe.fr\/index.php\/2016\/05\/31\/braderie-de-livres\/\">Grande braderie de livres<\/a><\/strong> organis\u00e9e par la biblioth\u00e8que municipale.\u00a0 Venez profiter des livres d&rsquo;occasion \u00e0 petits prix!<\/p>\n<p>18h \u2013 <strong>Ruoms<\/strong> : Lecture sous l\u2019arbre<br \/>\nAuteure invit\u00e9e :<strong><a href=\"https:\/\/lecturessurlherbe.fr\/index.php\/2016\/05\/10\/anne-douillet\/\"> Anne Douillet<\/a><\/strong> (livres destin\u00e9s \u00e0 la jeunesse sur la ch\u00e2taigne, le ver \u00e0 soie et les grottes orn\u00e9es).<br \/>\nEn partenariat avec la biblioth\u00e8que municipale et la librairie Ex Libris de Ruoms<br \/>\n+<strong><a href=\"https:\/\/lecturessurlherbe.fr\/index.php\/2016\/05\/10\/la-cabane-a-histoires\/\"> Cabane \u00e0 histoires <\/a><\/strong>par la compagnie Les belles oreilles. Lecture th\u00e9\u00e2tralis\u00e9e de deux albums<\/p>\n<p><strong>Mardi 26 juillet<\/strong><br \/>\n10h-16h \u00a0\u2013 Camping de la plage <strong>Peyroche \u2013 Labeaume<\/strong><br \/>\n&#8211; Boites \u00e0 po\u00e8mes : s\u2019amuser dans des boites \u00e0 po\u00e8mes pour se laisser surprendre, r\u00eaver, s\u2019\u00e9vader<br \/>\n&#8211; Lectures \u00e0 voix haute : profiter de lectures \u00e0 voix haute offertes juste pour le plaisir des oreilles<br \/>\n&#8211; <strong><a href=\"https:\/\/lecturessurlherbe.fr\/index.php\/2016\/05\/10\/la-cabane-a-histoires\/\">Cabane \u00e0 histoires<\/a><\/strong> : confortablement install\u00e9s \u00e0 l\u2019int\u00e9rieur de la cabane, les enfants d\u00e9couvrent des albums illustr\u00e9s adapt\u00e9s en version sonore, diffus\u00e9s sous casques<br \/>\n&#8211; Lectures num\u00e9riques : Storyplay\u2019r en projection sur grand \u00e9cran + <strong><a href=\"https:\/\/lecturessurlherbe.fr\/index.php\/2016\/05\/31\/biblio-connection\/\">Biblio-connection<\/a><\/strong><br \/>\n&#8211; Lecture sur tablette : en partenariat avec Canop\u00e9<br \/>\n&#8211; Jeu de piste : <strong><a href=\"https:\/\/lecturessurlherbe.fr\/index.php\/2016\/05\/31\/les-livres-se-font-la-malle\/\">les livres se font la malle<\/a><\/strong> avec M\u00e9diacom.<\/p>\n<p>A midi : possibilit\u00e9 de pique-nique sur place suivi d&rsquo;une <strong><a href=\"https:\/\/lecturessurlherbe.fr\/index.php\/2016\/05\/25\/sieste-litteraire\/\">sieste litt\u00e9raire<\/a><\/strong> avec des lectures de Doum Denhez.<br \/>\nAteliers propos\u00e9s \u00e0 10h, 11h, 12h, 14h, 15h et 16h<br \/>\nEnfants de 0 \u00e0 15 ans. Gratuit sur inscription le jour m\u00eame.<\/p>\n<p>18h \u2013 <strong>Saint Alban Auriolles<\/strong> : <strong><a href=\"https:\/\/lecturessurlherbe.fr\/index.php\/2016\/05\/10\/lectures-sous-le-figuier\/\">Contes ard\u00e9chois sous le figuier<\/a><\/strong><br \/>\nA partir de 8 ans, dans le parc du Mas Daudet (mus\u00e9e).<br \/>\nLecture sous l\u2019arbre de contes ard\u00e9chois lus par la biblioth\u00e9caire et une b\u00e9n\u00e9vole.<\/p>\n","protected":false},"excerpt":{"rendered":"<p>Lundi 25 juillet 9h \u2013 Saint Alban Auriolles : La Cabane \u00e0 histoires Pour les 4-10 ans, \u00e0 l\u2019ext\u00e9rieur de la biblioth\u00e8que municipale, durant le march\u00e9 hebdomadaire.\u00a0A l\u2019int\u00e9rieur d\u2019une cabane mont\u00e9e pour l\u2019occasion, l\u2019enfant fait, seul ou avec un copain, la d\u00e9couverte sonore d\u2019un album. + Grande braderie de livres \u2026<\/p>\n<p class=\"continue-reading-button\"> <a class=\"continue-reading-link\" href=\"https:\/\/lecturessurlherbe.fr\/index.php\/page-d-exemple\/\">Lire la suite<i class=\"crycon-right-dir\"><\/i><\/a><\/p>\n","protected":false},"author":1,"featured_media":0,"parent":0,"menu_order":0,"comment_status":"closed","ping_status":"open","template":"","meta":{"footnotes":""},"class_list":["post-2","page","type-page","status-publish","hentry"],"_links":{"self":[{"href":"https:\/\/lecturessurlherbe.fr\/index.php\/wp-json\/wp\/v2\/pages\/2","targetHints":{"allow":["GET"]}}],"collection":[{"href":"https:\/\/lecturessurlherbe.fr\/index.php\/wp-json\/wp\/v2\/pages"}],"about":[{"href":"https:\/\/lecturessurlherbe.fr\/index.php\/wp-json\/wp\/v2\/types\/page"}],"author":[{"embeddable":true,"href":"https:\/\/lecturessurlherbe.fr\/index.php\/wp-json\/wp\/v2\/users\/1"}],"replies":[{"embeddable":true,"href":"https:\/\/lecturessurlherbe.fr\/index.php\/wp-json\/wp\/v2\/comments?post=2"}],"version-history":[{"count":16,"href":"https:\/\/lecturessurlherbe.fr\/index.php\/wp-json\/wp\/v2\/pages\/2\/revisions"}],"predecessor-version":[{"id":164,"href":"https:\/\/lecturessurlherbe.fr\/index.php\/wp-json\/wp\/v2\/pages\/2\/revisions\/164"}],"wp:attachment":[{"href":"https:\/\/lecturessurlherbe.fr\/index.php\/wp-json\/wp\/v2\/media?parent=2"}],"curies":[{"name":"wp","href":"https:\/\/api.w.org\/{rel}","templated":true}]}}